f w?
3
Let o(z) be the third derivative of z**4/24 - 11*z**3/6 + 10*z**2. List the prime factors of o(13).
2
Suppose -34 + 93 = z. List the prime factors of z.
59
What are the prime factors of 1464/28 - 2/7?
2, 13
Let y = -105 + 171. What are the prime factors of y?
2, 3, 11
Suppose 8*s - 2532 + 92 = 0. List the prime factors of s.
5, 61
What are the prime factors of 1/((5/(-15))/(309/(-9)))?
103
Suppose 0 = 2*m + m + 3. Let y be (5 - 4) + (-11 - m). What are the prime factors of (-3)/(y/84*2)?
2, 7
Let t(n) be the first derivative of 2*n**2 - n - 1. What are the prime factors of t(3)?
11
Suppose 26 = 3*n - 22. List the prime factors of n.
2
Let u(v) be the second derivative of v**4/12 + v**3/3 - v**2 + 3*v. List the prime factors of u(4).
2, 11
Let g(i) = -i**3 + i**2 - i + 89. Let x be g(0). Suppose 24 = -5*w + x. List the prime factors of w.
13
Suppose 4*q + 660 = 5*o - 493, -o + q + 231 = 0. What are the prime factors of o?
229
Suppose -2*j + 3 + 1 = 0. Suppose -15 = 5*d - j*n - 63, -n = 5*d - 36. What are the prime factors of d?
2
Suppose 4 = 3*s - 2. Suppose -2*z + s = 10, -z = -4*c + 32. What are the prime factors of c?
7
Let l = 1 - 1. Suppose -3*x = -4*n + 41, 4*n + l*n = x + 43. What are the prime factors of n?
11
Let z(g) be the second derivative of -g**5/20 - g**4/3 + g**3/2 - 2*g. List the prime factors of z(-5).
2, 5
Suppose 0 = -d + 6*d - 5*m - 130, -d + 17 = 2*m. Let r = d + -13. Suppose -46 - r = -4*y. List the prime factors of y.
2, 7
List the prime factors of (1 + 2)/(472/(-68) - -7).
3, 17
Let j(f) = 10*f**3 + f**2 - 2*f + 1. Let c be j(1). Suppose -i + c = i. List the prime factors of i.
5
Let z(i) = 21*i - 41. List the prime factors of z(10).
13
Let r = -3 - 1. Let b(v) = v - 7. Let n be b(9). What are the prime factors of (65/(-10))/(n/r)?
13
Let n be 25/(-2 + -1 + 2). Suppose 114 = 3*h + 2*i, 0 = 2*i - 6. Let c = h + n. What are the prime factors of c?
11
Suppose -2*j + 18 = -30. What are the prime factors of j?
2, 3
Let m(b) = 4*b**2 - 14*b + 1. Let r be m(7). Let o = r - 46. What are the prime factors of o?
53
Suppose 2*p = -34 + 120. List the prime factors of p.
43
Suppose 0*f + f = 0. Let d = 4 - f. Suppose r + 0*r - d = 0. What are the prime factors of r?
2
Let k(j) = j**3 + 7*j**2 + 2*j + 11. Let i be k(-8). Let m = i + 103. List the prime factors of m.
2, 17
Let k(s) = 7*s**2 + 2*s - 1. Let r(m) = m**3 - 2*m**2 - 4*m + 4. Let w be r(3). List the prime factors of k(w).
2
Let a(o) = -55*o - 46. What are the prime factors of a(-4)?
2, 3, 29
Let l be 1*5/(20/12). Suppose 0 = -0*f - 2*f + 4*d + 54, -l*d = 3*f - 99. What are the prime factors of f?
31
Let i be 3 - (2 + 6/(-3)). List the prime factors of (i/9)/((-1)/(-33)).
11
Let q be (11 + 22)*7/3. List the prime factors of 38/14 + 22/q.
3
Suppose -3*j = -4*u + 5, -11 = -3*u - 0*u - 5*j. Suppose 4*n = -u*z - 12, 2*n - 5*n + 4 = -5*z. What are the prime factors of (n - -10) + -2 + 0?
2, 3
Suppose 0 = -6*v + 8*v + 5*a - 208, 5*v - 574 = a. List the prime factors of v.
2, 3, 19
Let v = -8 + 67. List the prime factors of v*(-1)/(-4 - -3).
59
Let z be 40/6 + 4/(-6). Suppose u - 2*f = 10, -7 + 33 = 3*u - 5*f. Suppose -i - z = -j, -6*i + 42 = 2*j - u*i. What are the prime factors of j?
11
List the prime factors of (4 + -26)*2/(-4).
11
Suppose -3*i + 3*s = -165, -71 = -3*i + 5*s + 96. List the prime factors of i.
2, 3
Let x(l) = -l**3 - 7*l**2 - l - 2. What are the prime factors of x(-7)?
5
List the prime factors of 0 - ((-348)/3)/2.
2, 29
Suppose -27 = -0*l + 3*l. What are the prime factors of 2/l + 616/18?
2, 17
What are the prime factors of 6/2*(-224)/(-21)?
2
Suppose -v + 13 = -0*v. Suppose -j + 2*j - v = 0. List the prime factors of j.
13
Let i(r) = r**3 + 11*r**2 + 12*r. Let g(q) = q**3 + 12*q**2 + 13*q. Let h(u) = 4*g(u) - 5*i(u). What are the prime factors of h(-6)?
2, 3
Let c(s) = -4 - 7*s + 2*s + 3*s. Let u be c(-3). What are the prime factors of 40/22 + u/11?
2
Let l(p) be the third derivative of -p**5/60 + p**4/8 + 2*p**3/3 - p**2. Let m = 24 + -21. List the prime factors of l(m).
2
Suppose 9*m - 200 = 4*m. Suppose -32*a + m = -28*a. What are the prime factors of a?
2, 5
Let j be (-9)/(-15) + (-48)/5. Let m(d) = -3*d - 10. List the prime factors of m(j).
17
Suppose -13 - 71 = 4*f. Let c = -13 - f. What are the prime factors of c/6*(13 - 1)?
2
Suppose -x + 19 = -3*t, -2*x - 2*x - 20 = 0. Let c = t + 5. What are the prime factors of -2 + 0 - (c + -8)?
3
Let d = -19 - -29. List the prime factors of d.
2, 5
Let n(k) = -3*k + 40. What are the prime factors of n(-4)?
2, 13
Let g(q) = 0*q + q - 5 + 14. Let f be g(-7). Suppose 3*n = f*n + 4. What are the prime factors of n?
2
Let j(o) = -o**3 + 7*o**2 - 4*o - 10. Let d be j(5). What are the prime factors of 5*(24/d - -3)?
3, 7
Suppose -4*i - 4*n - 28 = 0, 0*i - 2*i - 4*n = 6. Let c = i + 22. What are the prime factors of c?
11
Let g be 0 + (2 - (1 - 1)). Let v(c) = 2 + 3 + c**g + 2*c - 3*c. List the prime factors of v(0).
5
Suppose -2*p - 5 = 5. Let x = 11 - p. List the prime factors of x.
2
Suppose 2*m - r - 3*r - 6 = 0, 3*r + 36 = -3*m. Let d = -14 + m. Let o = d - -34. What are the prime factors of o?
13
Let d = -25 - -12. Let l be d/(-4) - (-1)/(-4). What are the prime factors of l/12 + (-11)/(-4)?
3
Let f(z) = -z**2 + 10*z - 6. Let q be f(7). Let v = q - -19. List the prime factors of v.
2, 17
Let u = 13 - 11. List the prime factors of u.
2
Suppose -322 = -2*r + 4*q, 153 = r + q - 20. List the prime factors of r.
13
Let j(l) = 2*l + 2. Let z be j(-6). List the prime factors of 4/10 + (-56)/z.
2, 3
Suppose -3*q - 21 = -0*q. Let l = q + 13. List the prime factors of l/(-9) + (-34)/(-6).
5
Let h(k) = k**3 - k**2 - k + 1. Let w be h(0). Let f(z) = -2 + w + z + 0*z. List the prime factors of f(3).
2
Suppose -t - 5*w + 156 = 3*t, 0 = 4*w + 16. Suppose -7*z = -3*z - t. What are the prime factors of z?
11
Suppose 28*x - 400 = 24*x. Suppose -5*v + x = -125. What are the prime factors of v?
3, 5
Suppose -5*x - 2 + 12 = 0. Let u(j) = -j**3 + j**2 + 5 - 8*j**2 - x - 6*j. What are the prime factors of u(-6)?
3
Let j(v) = v + 14. Let m be j(-8). Suppose m*z = 21 + 249. What are the prime factors of z?
3, 5
Suppose -6*z - 5*t + 38 = -5*z, -4*z = -t - 89. Suppose 3*m - 13 = z. List the prime factors of m.
2, 3
Let z = -1 + 3. Let u(c) = -3*c + 26. Let p be u(7). Suppose -p*g + 2*g + 3*n = -45, -z*g - 5*n + 9 = 0. What are the prime factors of g?
2, 3
Let z = 0 - -2. Let s(c) = 2*c**z - 3*c**2 - 1 + 7*c - 5. List the prime factors of s(5).
2
Suppose 0*m - 2*m - 5*c - 49 = 0, -4*m = -4*c + 84. Let n = -13 - m. What are the prime factors of n?
3
Let y = 8 - 7. Let s be 28/(-2) - (-1 - y). List the prime factors of (-2)/3 + (-128)/s.
2, 5
What are the prime factors of (-5)/((-30)/(-124))*-3?
2, 31
Let s = 24 - 14. Let c(v) = -v**2 - 3 + s*v - 4*v + 2*v. List the prime factors of c(7).
2
Let r = 15 + -12. Suppose r*i + 53 = 3*p - i, 0 = -2*i - 4. List the prime factors of p.
3, 5
Let q be (-2)/(-7) - (-12)/7. Suppose 5*s - 2*x - 22 = 3*s, 0 = q*s - 5*x - 37. Suppose z + 1 = s. List the prime factors of z.
5
Let a(x) be the second derivative of -5*x**5/4 + x**4/12 - x**3/6 - x**2 - 7*x. What are the prime factors of a(-1)?
5
What are the prime factors of (-656)/4*(3 + 28/(-8))?
2, 41
Let d be (1 - -2)/(-3)*29. Let x = d + 41. Let w = -3 + x. What are the prime factors of w?
3
Suppose -a + 53 = -50. List the prime factors of a.
103
Let v(g) = 3*g + 43. List the prime factors of v(13).
2, 41
Let p be 2 + (-3)/6*-2. Suppose -2*n + p*n - 59 = 0. Suppose 5*c - n = -4*y, 7*y + c = 3*y + 47. List the prime factors of y.
11
Let p be 31/((-2)/(4/(-2))). Suppose -5*n = q - 49, n - q = -2*n + p. What are the prime factors of n?
2, 5
Suppose 2 = 3*y - 19. Suppose -3*r + 3*b + 45 = 0, y*b = r + 3*b - 27. List the prime factors of r.
11
List the prime factors of (-1 + 1)*1 - (-159 + 2).
157
Let r = -21 - -81. What are the prime factors of r?
2, 3, 5
Suppose 2*k = -c - c - 24, 2*c = 4*k - 6. What are the prime factors of (-22)/(-8) - c/(-12)?
2
Suppose 1389 - 213 = 4*y. What are the prime factors of y?
2, 3, 7
Let n(d) = -2*d**3 - 8*d**2 + 2*d - 6. What are the prime factors of n(-6)?
2, 3, 7
Suppose -f - 2*f - 4*a + 13 = 0, -4*f - 2*a = -14. Suppo